- 88. What is the remainder when a is divided by t(0)?
11
Let j(x) = -x**3 + 3*x**2 - 2*x + 1. Let v(r) = r**2 - r - 1. Calculate the remainder when j(2) is divided by v(2).
0
Suppose 0 = -4*k - 1 + 61. Calculate the remainder when 29 is divided by k.
14
What is the remainder when (8 - 9)*1*-103 is divided by 27?
22
What is the remainder when 2 + 37 + 0 + -1 is divided by (-16)/(-24)*30/1?
18
Let y(h) = -h**3 + 5*h**2 - 4. Let f be y(5). Let v = f + 5. Calculate the remainder when 2 is divided by v.
0
Let h = -13 + 0. Let j = h - -22. What is the remainder when -2*14/8*-10 is divided by j?
8
Let u = -58 + 75. Calculate the remainder when u is divided by 8.
1
Let g(y) = -6*y. Let s be g(-1). Suppose -b - 58 = -3*b. What is the remainder when b is divided by ((-6)/4)/(s/(-40))?
9
Let k(z) = -2*z**3 - 2*z - 1. Let f be k(-1). Let l be (f + -3)*(1 + 0). Suppose 3*d - 72 = -l*d. Calculate the remainder when d is divided by 9.
6
Let i = -10 + 13. Suppose 7*f - 4*f = u + 85, 23 = f - i*u. What is the remainder when f is divided by 16?
13
Let x = 39 + -9. What is the remainder when x is divided by 19?
11
Suppose -5*m = -3*m + 2*r - 32, 5*m = -r + 72. Let j(o) = -o**3 - 3*o**2 - 1. Let y be j(-3). Let n = y + 42. Calculate the remainder when n is divided by m.
13
Let l(n) = -n**3 - 7*n**2 - 8*n + 5. Let b = -2 - -4. Let m be (1/(-2))/(b/24). What is the remainder when l(m) is divided by 9?
8
Let b = 2 - 4. Let z be b/4*(4 + -4). Suppose 2*a + 5*p + z = 22, -3*p - 44 = -4*a. What is the remainder when a is divided by 4?
3
Let r = -20 - -17. Let u = 30 - r. What is the remainder when u is divided by 12?
9
What is the remainder when 77 is divided by (-30)/(-36) - (-455)/30?
13
Suppose 2*u - 54 = -4*u. What is the remainder when 15 is divided by u?
6
Suppose 0 - 3 = w, 0 = -5*s - 2*w + 49. Suppose -3*y + 88 = q, 0*y + 113 = 3*y - 4*q. Calculate the remainder when y is divided by s.
9
Suppose -5*s = -4*z + 43, -5*s + 0*s = 2*z + 1. Calculate the remainder when 13 is divided by z.
6
What is the remainder when (-232)/(-12) - 1/3 is divided by 10?
9
Suppose -4*r + 92 = -2*h, -3*h = 3*r + h - 47. Let y = r + -9. Suppose -2*x = -44 - y. What is the remainder when x is divided by 10?
8
Suppose -27 + 73 = 2*r. Calculate the remainder when r is divided by 13.
10
Let w be ((-5)/10)/((-1)/4). Let b(f) = 8*f - 2. What is the remainder when 27 is divided by b(w)?
13
Let d be (6/10 + 288/(-30))/1. Let z(x) = -x**2 + 5*x + 3. Let j be z(5). Calculate the remainder when (25/j)/((-3)/d) is divided by 9.
7
Calculate the remainder when 6 is divided by 24/(-3)*(-2)/4.
2
Suppose -2*j + 3*j + 19 = 4*v, 2*j - 2 = -2*v. Suppose v*r = 4*a - 72, -a - 2*a + 46 = r. Calculate the remainder when a is divided by 6.
4
Let f = -4 + -2. Let n(r) = r + 10. Let v(s) = -s**3 + 6*s**2 + 7. What is the remainder when v(6) is divided by n(f)?
3
Let c = -58 - -81. Let a = -72 - -117. Calculate the remainder when a is divided by c.
22
Let t(k) = k**2 + 13*k + 25. What is the remainder when 12 is divided by t(-11)?
0
Let x = 8 - 9. Let m(k) = -52*k**3 + k**2 + k + 1. What is the remainder when m(x) is divided by 18?
17
Suppose 81 = 7*v + 2*v. What is the remainder when 53 is divided by v?
8
Suppose -6 + 41 = 5*k. Calculate the remainder when 18 is divided by k.
4
Let d = -64 + 66. Calculate the remainder when 10 is divided by d.
0
Suppose 12 = -3*j, -l - 4*l = -2*j - 68. What is the remainder when 47 is divided by l?
11
Let a be (1/(-2))/(1/194). Let y = a + 144. Let m(i) = -i**3 - 7*i**2 - 10*i - 8. What is the remainder when y is divided by m(-6)?
15
What is the remainder when 3/9 + (-23)/(-3) is divided by 5?
3
Suppose 0 = -2*m - 3*v + 13, 24 = -0*m + 3*m + 3*v. What is the remainder when 41 is divided by m?
8
Suppose -4*b - b = -60. Calculate the remainder when 82 is divided by b.
10
Let d = 52 - 37. Suppose -3*j = -2*u + j + 96, 4*u - 5*j - 186 = 0. What is the remainder when u is divided by d?
14
Let j = -46 - -264. Calculate the remainder when 12/30 + j/5 is divided by 15.
14
Suppose 0*c + 4 = c. Calculate the remainder when 15 is divided by c.
3
Let v = -32 + 51. Let u be 20/3*18/4. Suppose -17 = -3*n - 4*h, 4*n - 6*h = -4*h + u. What is the remainder when v is divided by n?
5
Calculate the remainder when 79 is divided by -2 + 2 - (-40)/12*6.
19
What is the remainder when ((-2)/8)/(4/(-688)) is divided by 23?
20
Suppose -4*j = -154 - 322. Calculate the remainder when j is divided by 41.
37
Let p be -3 - 1*(-11 + 3). Suppose 0 = -0*a - p*a + 410. What is the remainder when a is divided by 21?
19
Suppose -1 - 49 = -5*m. Let o = -3 + 9. Suppose 2*c - c - o = 0. Calculate the remainder when m is divided by c.
4
Suppose -3*g + 32 = -n, -g + 5*n + 17 = g. Suppose 4*k - g = 41. Suppose 9 = 5*c - 16. What is the remainder when k is divided by c?
3
Suppose c + 2*n - 6*n - 2 = 0, -2*c = 5*n - 4. Suppose -c*w = -8 - 2. What is the remainder when 6 is divided by w?
1
Let l(z) = z + 1. Let r(i) = -i**2 - 2*i - 2. Let f(p) = -3*l(p) - 2*r(p). Suppose 5*s + 3 = 13. Calculate the remainder when f(s) is divided by 4.
3
Suppose -b = -2*b + 18. Let x be (-4)/6 + (-74)/6. Let l = b + x. What is the remainder when l is divided by 3?
2
What is the remainder when 33 is divided by (((-44)/8 - 3)*4)/(-2)?
16
Let b be (-3 + 1)*2*-1. Let z = 5 - b. Let g = 53 - z. What is the remainder when g is divided by 18?
16
Suppose -3*g - 4*q + 87 = -q, 5*q - 20 = 0. Let w = 41 - g. Calculate the remainder when 29 is divided by w.
13
Let z be 2/(-6) - (-2)/6. Suppose -n + 16 - 4 = z. What is the remainder when 34 is divided by n?
10
Let f = -8 - -15. Calculate the remainder when -30*((-28)/(-12) + -3) is divided by f.
6
Suppose 0*w = w - 8. Let y = -15 - -55. Let n = y - 17. Calculate the remainder when n is divided by w.
7
Let y = 10 - -3. Calculate the remainder when y is divided by 6.
1
Suppose 2 = -5*f - 3. What is the remainder when 23 is divided by 5*f/(-1) - -3?
7
Let w(a) = -a**3 + 5*a**2 + 9*a - 3. Calculate the remainder when -2 + 61 - (-4)/8*-4 is divided by w(6).
12
Let o(j) = 4*j - 3. Suppose -5*g - s + 120 = 0, 0*g - 48 = -2*g - 2*s. Calculate the remainder when g is divided by o(3).
6
Let z be (-2)/(-2) + -2*1. What is the remainder when ((-1)/3)/((-2)/246) is divided by z/3*-3*11?
8
Let i(m) = -2*m + 2. Let j be -2 - 0 - (2 + 0). What is the remainder when 28 is divided by i(j)?
8
Let f = -3 + 1. What is the remainder when ((-7)/(-2))/((-1)/f) is divided by 3*(10/3 + -2)?
3
Suppose -4 = -p - 0. Let g = 36 + -22. Calculate the remainder when g is divided by p.
2
Suppose 2*r - 26 = 2*j, -5*r + 2*j + 2*j = -61. Let h(a) = a**3 - 3*a**2 + 3*a - 3. Calculate the remainder when h(4) is divided by r.
7
Let a(p) = p**2 - 1. Let j(q) = 4*q**2 - 6*q + 1. Let h(y) = -5*a(y) + j(y). What is the remainder when h(-5) is divided by 2?
1
Suppose x - 156 = -5*x. Suppose 3*h + 3*l = -2*h + 44, 27 = 3*h + 2*l. What is the remainder when x is divided by h?
5
Suppose 233 - 28 = 5*q - 5*b, -3*q + 120 = -2*b. Suppose -2*i - 476 = -4*i. Suppose 5*m = -q + i. What is the remainder when m is divided by 14?
12
Let j(v) = v**3 + 3*v**2 - 3*v - 2. Let c be j(-3). Let l = c + -5. Calculate the remainder when 2/(12/5 - 2) is divided by l.
1
Let u = -34 + 41. What is the remainder when u is divided by 2?
1
Let g = 0 + 0. Suppose 14 = -g*j + 2*j. Calculate the remainder when j is divided by 2.
1
Suppose -4*s = -2*d - 72, 2*s - 57 + 17 = 2*d. Let c = 83 - 36. Calculate the remainder when c is divided by s.
15
Let j(t) = 0*t**2 + 12 + 20*t - 6*t - t**2. What is the remainder when j(14) is divided by 5?
2
Let y(s) = 42*s + 7. Let t(b) = -85*b - 15. Let g(c) = -6*t(c) - 13*y(c). What is the remainder when g(-1) is divided by (-142)/(-8) - (-2)/8?
17
Suppose 6*d - 4*h - 83 = 3*d, -5*h = 10. What is the remainder when d is divided by 14?
11
Suppose -169 = -5*q + 3*y, -4*y = -2*q - 2*q + 140. Let a(d) = -12*d**3 - d**2 + d + 1. Calculate the remainder when q is divided by a(-1).
10
Suppose b - 6 = -2. Suppose p + f - 30 = 0, -3*p = -f - b*f - 106. Calculate the remainder when p is divided by (-2)/1 + (-130)/(-10).
10
Let y = -32 + 78. What is the remainder when y is divided by 12?
10
Let z(u) = 5*u - 10. Let b be z(7). Let l = 39 - b. What is th